{"id":9172,"date":"2023-11-12T16:57:46","date_gmt":"2023-11-12T15:57:46","guid":{"rendered":"https:\/\/pags-kuelsheim.de\/?page_id=9172"},"modified":"2024-04-24T17:56:32","modified_gmt":"2024-04-24T15:56:32","slug":"schulsanitaetsdienst","status":"publish","type":"page","link":"https:\/\/pags-kuelsheim.de\/pags-new-2024\/allgemeine-schulinfos\/schulsanitaetsdienst\/","title":{"rendered":"Schulsanit\u00e4tsdienst"},"content":{"rendered":"<div id='full_slider_1'  class='avia-fullwidth-slider main_color avia-shadow   avia-builder-el-0  el_before_av_hr  avia-builder-el-first   container_wrap sidebar_right'  ><div  class='avia-slideshow av-lvdpu0y5-8203eb4baccf737058e30d5891e51c36 avia-slideshow-featured av_slideshow_full avia-slide-slider av-slideshow-ui av-control-default av-slideshow-manual av-loop-once av-loop-manual-endless av-default-height-applied   avia-slideshow-1' data-slideshow-options=\"{&quot;animation&quot;:&quot;slide&quot;,&quot;autoplay&quot;:false,&quot;loop_autoplay&quot;:&quot;once&quot;,&quot;interval&quot;:5,&quot;loop_manual&quot;:&quot;manual-endless&quot;,&quot;autoplay_stopper&quot;:false,&quot;noNavigation&quot;:false,&quot;bg_slider&quot;:false,&quot;keep_padding&quot;:false,&quot;hoverpause&quot;:false,&quot;show_slide_delay&quot;:0}\"  itemprop=\"image\" itemscope=\"itemscope\" itemtype=\"https:\/\/schema.org\/ImageObject\" ><ul class='avia-slideshow-inner ' style='padding-bottom: 28.666666666667%;'><li  class='avia-slideshow-slide av-lvdpu0y5-8203eb4baccf737058e30d5891e51c36__0  av-single-slide slide-1 slide-odd'><div data-rel='slideshow-1' class='avia-slide-wrap '   ><img decoding=\"async\" fetchpriority=\"high\" class=\"wp-image-10184 avia-img-lazy-loading-not-10184\"  src=\"https:\/\/pags-kuelsheim.de\/pags-new-2024\/wp-content\/uploads\/2024\/04\/PAGS-Schulsanitaetsdienst-1-1500x430.jpg\" width=\"1500\" height=\"430\" title='PAGS Schulsanitaetsdienst' alt='Im Schulsanit\u00e4tsdienst der PAGS K\u00fclsheim engagierte Sch\u00fclerinnen und Sch\u00fcler.'  itemprop=\"thumbnailUrl\"  style='min-height:320px; min-width:1117px; ' \/><\/div><\/li><\/ul><\/div><\/div><div id='after_full_slider_1'  class='main_color av_default_container_wrap container_wrap sidebar_right'  ><div class='container av-section-cont-open' ><div class='template-page content  av-content-small alpha units'><div class='post-entry post-entry-type-page post-entry-9172'><div class='entry-content-wrapper clearfix'>\n\n<style type=\"text\/css\" data-created_by=\"avia_inline_auto\" id=\"style-css-av-lvdpsxnh-704093d8f91aeaa3451ab10c2f281646\">\n#top .hr.hr-invisible.av-lvdpsxnh-704093d8f91aeaa3451ab10c2f281646{\nheight:20px;\n}\n<\/style>\n<div  id=\"Inhalte\"  class='hr av-lvdpsxnh-704093d8f91aeaa3451ab10c2f281646 hr-invisible  avia-builder-el-1  el_after_av_slideshow_full  el_before_av_one_half  avia-builder-el-first '><span class='hr-inner '><span class=\"hr-inner-style\"><\/span><\/span><\/div>\n<div  class='flex_column av-3teeck-f8b80a0262d6ad3b9c63763125cac89b av_one_half  avia-builder-el-2  el_after_av_hr  el_before_av_one_half  first flex_column_div  '     ><section  class='av_textblock_section av-lvdpqmck-05615894833abe012db8ef015ffce8f3 '   itemscope=\"itemscope\" itemtype=\"https:\/\/schema.org\/CreativeWork\" ><div class='avia_textblock'  itemprop=\"text\" ><h1>Schul\u00adsanit\u00e4ts\u00addienst an der PAGS<\/h1>\n<p>Die Schulsanit\u00e4terinnen und Schulsanit\u00e4ter leisten seit 2005 Erste Hilfe f\u00fcr alle Lernpartner\/innen und Lernbegleiter an der PAGS und werden durch die Kooperationslehrer Susanne Beckert und Robert Stempien geleitet. Beide besitzen eine Qualifikation f\u00fcr Schullehrkr\u00e4fte im Erste-Hilfe-Programm und eine g\u00fcltige Erste-Hilfe-Ausbilder-Lizenz. Unser Kooperationspartner ist das Deutsche Rote Kreuz und Jugendrotkreuz aus dem Kreisverband Tauberbischofsheim.<\/p>\n<\/div><\/section><br \/>\n\n<style type=\"text\/css\" data-created_by=\"avia_inline_auto\" id=\"style-css-av-lvdqjbcd-ea4c919dbeff2cc8687a9ed195d22b5c\">\n#top .hr.hr-invisible.av-lvdqjbcd-ea4c919dbeff2cc8687a9ed195d22b5c{\nheight:50px;\n}\n<\/style>\n<div  class='hr av-lvdqjbcd-ea4c919dbeff2cc8687a9ed195d22b5c hr-invisible  avia-builder-el-4  el_after_av_textblock  el_before_av_image '><span class='hr-inner '><span class=\"hr-inner-style\"><\/span><\/span><\/div><br \/>\n\n<style type=\"text\/css\" data-created_by=\"avia_inline_auto\" id=\"style-css-av-lvdprz2g-7ce92ca5a1b7ffb48bee9c92d0e22a5b\">\n.avia-image-container.av-lvdprz2g-7ce92ca5a1b7ffb48bee9c92d0e22a5b img.avia_image{\nbox-shadow:none;\n}\n.avia-image-container.av-lvdprz2g-7ce92ca5a1b7ffb48bee9c92d0e22a5b .av-image-caption-overlay-center{\ncolor:#ffffff;\n}\n<\/style>\n<div  class='avia-image-container av-lvdprz2g-7ce92ca5a1b7ffb48bee9c92d0e22a5b av-styling- avia_animated_image av-animated-when-visible-95 fade-in avia-align-center  avia-builder-el-5  el_after_av_hr  el_before_av_hr '   itemprop=\"image\" itemscope=\"itemscope\" itemtype=\"https:\/\/schema.org\/ImageObject\" ><div class=\"avia-image-container-inner\"><div class=\"avia-image-overlay-wrap\"><img decoding=\"async\" fetchpriority=\"high\" class='wp-image-9177 avia-img-lazy-loading-not-9177 avia_image ' src=\"https:\/\/pags-kuelsheim.de\/pags-new-2024\/wp-content\/uploads\/2023\/11\/SSD-960x412.png\" alt='Grafik: Schulsanit\u00e4tsdienst (SSD) an der PAGS K\u00fclsheim - Teamarbeit ist unsere St\u00e4rke' title='Schulsanit\u00e4tsdienst (SSD)'  height=\"412\" width=\"960\"  itemprop=\"thumbnailUrl\" srcset=\"https:\/\/pags-kuelsheim.de\/pags-new-2024\/wp-content\/uploads\/2023\/11\/SSD-960x412.png 960w, https:\/\/pags-kuelsheim.de\/pags-new-2024\/wp-content\/uploads\/2023\/11\/SSD-320x137.png 320w, https:\/\/pags-kuelsheim.de\/pags-new-2024\/wp-content\/uploads\/2023\/11\/SSD-768x329.png 768w, https:\/\/pags-kuelsheim.de\/pags-new-2024\/wp-content\/uploads\/2023\/11\/SSD-1536x659.png 1536w, https:\/\/pags-kuelsheim.de\/pags-new-2024\/wp-content\/uploads\/2023\/11\/SSD-1500x643.png 1500w, https:\/\/pags-kuelsheim.de\/pags-new-2024\/wp-content\/uploads\/2023\/11\/SSD-705x302.png 705w, https:\/\/pags-kuelsheim.de\/pags-new-2024\/wp-content\/uploads\/2023\/11\/SSD.png 1900w\" sizes=\"(max-width: 960px) 100vw, 960px\" \/><\/div><\/div><\/div><br \/>\n\n<style type=\"text\/css\" data-created_by=\"avia_inline_auto\" id=\"style-css-av-2nw9ro-98fdf8f5261234ffd5f51e15b6008a5b\">\n#top .hr.hr-invisible.av-2nw9ro-98fdf8f5261234ffd5f51e15b6008a5b{\nheight:50px;\n}\n<\/style>\n<div  class='hr av-2nw9ro-98fdf8f5261234ffd5f51e15b6008a5b hr-invisible  avia-builder-el-6  el_after_av_image  el_before_av_textblock '><span class='hr-inner '><span class=\"hr-inner-style\"><\/span><\/span><\/div><br \/>\n<section  class='av_textblock_section av-lvdzypir-881568da1bf38bab14cf532d7da8ecca '   itemscope=\"itemscope\" itemtype=\"https:\/\/schema.org\/CreativeWork\" ><div class='avia_textblock'  itemprop=\"text\" ><h2>Unsere Zielsetzung<\/h2>\n<p>Mit Erster Hilfe lernen die Lernpartnerinnen und Lernpartner\u2026<br \/>\n\u2022 sich im Notfall richtig zu verhalten.<br \/>\n\u2022 die Scheu vor Unfallsituationen zu \u00fcberwinden.<br \/>\n\u2022 Risiken besser einzusch\u00e4tzen.<br \/>\n\u2022 Verantwortung f\u00fcr sich und andere zu \u00fcbernehmen.<br \/>\n\u2022 soziales Engagement und Zivilcourage zu entwickeln.<\/p>\n<h3>Die Schulsanit\u00e4ter und Schulsanit\u00e4terinnen\u2026<\/h3>\n<p>\u2022 werden zu qualifizierten Ersthelfern ausgebildet.<br \/>\n\u2022 leisten Erste Hilfe.<br \/>\n\u2022 setzen sich f\u00fcr ein gutes und sicheres Schulklima ein.<\/p>\n<\/div><\/section><\/p><\/div><div  class='flex_column av-32syr8-65f87288ca005a2fa5e20f469ec11784 av_one_half  avia-builder-el-8  el_after_av_one_half  avia-builder-el-last  flex_column_div  '     ><section  class='av_textblock_section av-lvdppk9b-98db20ad8941ee0bd4c5cbb3a89e0f69 '   itemscope=\"itemscope\" itemtype=\"https:\/\/schema.org\/CreativeWork\" ><div class='avia_textblock'  itemprop=\"text\" ><h2>Ausbildung der Schulsanit\u00e4ter\/innen<\/h2>\n<p>Zu Beginn des Schuljahres haben die Lernpartnerinnen und Lernpartner die M\u00f6glichkeit einen TIP-Block (=Themen-Interesse-Projekte) zu w\u00e4hlen.<br \/>\nDer TIP-Block \u201eSchulsanit\u00e4tsdienst\u201c trifft sich einmal pro Woche mit den Kooperationslehrern. Nach Beendigung der Ausbildung zur Schulsanit\u00e4terin bzw. Schulsanit\u00e4ter erhalten die Jugendlichen einen Schulsanit\u00e4tsausweis, eine offizielle EH-Bescheinigung und werden aktives Mitglied im Schulsanit\u00e4tsdienst.<br \/>\nInhalte dieser TIP-Veranstaltungen sind unter anderem:<\/p>\n<p>\u2022 Erste-Hilfe-Grundausbildung<br \/>\n\u2022 Vertiefung und Erweiterung der Kenntnisse zur Ersten Hilfe<br \/>\n\u2022 Aktive Unterst\u00fctzung als Experten bei \u201eL\u00f6wen retten Leben\u201c<br \/>\n\u2022 Besprechung aktueller Angelegenheiten\/Notf\u00e4lle<br \/>\n\u2022 Einf\u00fchrung in den SSD (Ablauf, Organisation, Einsatzplan,\u2026)<br \/>\n\u2022 Wartung des Sani-Raums und der Materialien<\/p>\n<h3>Umsetzung im Schulalltag<\/h3>\n<p>\u2022 An jedem Schultag \u00fcbernehmen mehrere Schulsanit\u00e4ter\/-innen ihren Dienst im Schulsanit\u00e4tsdienst.<br \/>\n\u2022 Zwischen 7.30 -7.45 Uhr holen sie das Funkger\u00e4t und den Schl\u00fcssel f\u00fcr den Sani-Raum im Sekretariat ab.<br \/>\n\u2022 Die Schulsanit\u00e4ter\/-innen werden \u00fcber das Sekretariat mittels Funkger\u00e4te alarmiert und zum Einsatzort\/Sanit\u00e4tsraum geschickt.<br \/>\n\u2022 Dort wird die Lage eingesch\u00e4tzt und es werden die notwendigen Erste-Hilfe- Ma\u00dfnahmen durchgef\u00fchrt.<br \/>\n\u2022 Anschlie\u00dfend f\u00fcllen sie das Einsatzprotokoll aus und organisieren das weitere Vorgehen (z.B. Information der Eltern.)<br \/>\n\u2022 Im Anschluss gehen die Schulsanit\u00e4ter\/-innen wieder zur\u00fcck in den Unterricht.<\/p>\n<p>WIR BEDANKEN UNS BEI ALLEN SCHULSANIT\u00c4TERINNEN UND SCHULSANIT\u00c4TERN F\u00dcR IHREN T\u00c4GLICHEN EINSATZ AN UNSERER PAGS!<\/p>\n<\/div><\/section><br \/>\n\n<style type=\"text\/css\" data-created_by=\"avia_inline_auto\" id=\"style-css-av-lvdsqctr-3f5e1d7a5c2643e2a98caf59eae3dbc0\">\n.avia-image-container.av-lvdsqctr-3f5e1d7a5c2643e2a98caf59eae3dbc0 img.avia_image{\nbox-shadow:none;\n}\n.avia-image-container.av-lvdsqctr-3f5e1d7a5c2643e2a98caf59eae3dbc0 .av-image-caption-overlay-center{\ncolor:#ffffff;\n}\n<\/style>\n<div  class='avia-image-container av-lvdsqctr-3f5e1d7a5c2643e2a98caf59eae3dbc0 av-styling- av-img-linked avia_animated_image av-animated-when-visible-95 fade-in avia-align-center  avia-builder-el-10  el_after_av_textblock  avia-builder-el-last '   itemprop=\"image\" itemscope=\"itemscope\" itemtype=\"https:\/\/schema.org\/ImageObject\" ><div class=\"avia-image-container-inner\"><div class=\"avia-image-overlay-wrap\"><a href=\"https:\/\/pags-kuelsheim.de\/pags-new-2024\/wp-content\/uploads\/2023\/11\/SSD_BILD-960x551.jpg\" data-srcset=\"https:\/\/pags-kuelsheim.de\/pags-new-2024\/wp-content\/uploads\/2023\/11\/SSD_BILD-960x551.jpg 960w, https:\/\/pags-kuelsheim.de\/pags-new-2024\/wp-content\/uploads\/2023\/11\/SSD_BILD-320x184.jpg 320w, https:\/\/pags-kuelsheim.de\/pags-new-2024\/wp-content\/uploads\/2023\/11\/SSD_BILD-768x441.jpg 768w, https:\/\/pags-kuelsheim.de\/pags-new-2024\/wp-content\/uploads\/2023\/11\/SSD_BILD-1536x882.jpg 1536w, https:\/\/pags-kuelsheim.de\/pags-new-2024\/wp-content\/uploads\/2023\/11\/SSD_BILD-1500x861.jpg 1500w, https:\/\/pags-kuelsheim.de\/pags-new-2024\/wp-content\/uploads\/2023\/11\/SSD_BILD-705x405.jpg 705w, https:\/\/pags-kuelsheim.de\/pags-new-2024\/wp-content\/uploads\/2023\/11\/SSD_BILD.jpg 1568w\" data-sizes=\"(max-width: 960px) 100vw, 960px\" class='avia_image '  aria-label='SchulSanit\u00e4tsDienst (SSD) - Gruppenfoto'><img decoding=\"async\" fetchpriority=\"high\" class='wp-image-9178 avia-img-lazy-loading-not-9178 avia_image ' src=\"https:\/\/pags-kuelsheim.de\/pags-new-2024\/wp-content\/uploads\/2023\/11\/SSD_BILD-960x551.jpg\" alt='Gruppenfoto mit Sch\u00fclerinnen und Sch\u00fclern, die sich im Schulsanit\u00e4tsdienst engagieren.' title='SchulSanit\u00e4tsDienst (SSD) - Gruppenfoto'  height=\"551\" width=\"960\"  itemprop=\"thumbnailUrl\" srcset=\"https:\/\/pags-kuelsheim.de\/pags-new-2024\/wp-content\/uploads\/2023\/11\/SSD_BILD-960x551.jpg 960w, https:\/\/pags-kuelsheim.de\/pags-new-2024\/wp-content\/uploads\/2023\/11\/SSD_BILD-320x184.jpg 320w, https:\/\/pags-kuelsheim.de\/pags-new-2024\/wp-content\/uploads\/2023\/11\/SSD_BILD-768x441.jpg 768w, https:\/\/pags-kuelsheim.de\/pags-new-2024\/wp-content\/uploads\/2023\/11\/SSD_BILD-1536x882.jpg 1536w, https:\/\/pags-kuelsheim.de\/pags-new-2024\/wp-content\/uploads\/2023\/11\/SSD_BILD-1500x861.jpg 1500w, https:\/\/pags-kuelsheim.de\/pags-new-2024\/wp-content\/uploads\/2023\/11\/SSD_BILD-705x405.jpg 705w, https:\/\/pags-kuelsheim.de\/pags-new-2024\/wp-content\/uploads\/2023\/11\/SSD_BILD.jpg 1568w\" sizes=\"(max-width: 960px) 100vw, 960px\" \/><\/a><\/div><\/div><\/div><\/p><\/div><\/p>\n","protected":false},"excerpt":{"rendered":"","protected":false},"author":2,"featured_media":0,"parent":4909,"menu_order":11,"comment_status":"closed","ping_status":"closed","template":"","meta":{"ngg_post_thumbnail":0,"footnotes":""},"_links":{"self":[{"href":"https:\/\/pags-kuelsheim.de\/pags-new-2024\/wp-json\/wp\/v2\/pages\/9172"}],"collection":[{"href":"https:\/\/pags-kuelsheim.de\/pags-new-2024\/wp-json\/wp\/v2\/pages"}],"about":[{"href":"https:\/\/pags-kuelsheim.de\/pags-new-2024\/wp-json\/wp\/v2\/types\/page"}],"author":[{"embeddable":true,"href":"https:\/\/pags-kuelsheim.de\/pags-new-2024\/wp-json\/wp\/v2\/users\/2"}],"replies":[{"embeddable":true,"href":"https:\/\/pags-kuelsheim.de\/pags-new-2024\/wp-json\/wp\/v2\/comments?post=9172"}],"version-history":[{"count":15,"href":"https:\/\/pags-kuelsheim.de\/pags-new-2024\/wp-json\/wp\/v2\/pages\/9172\/revisions"}],"predecessor-version":[{"id":10216,"href":"https:\/\/pags-kuelsheim.de\/pags-new-2024\/wp-json\/wp\/v2\/pages\/9172\/revisions\/10216"}],"up":[{"embeddable":true,"href":"https:\/\/pags-kuelsheim.de\/pags-new-2024\/wp-json\/wp\/v2\/pages\/4909"}],"wp:attachment":[{"href":"https:\/\/pags-kuelsheim.de\/pags-new-2024\/wp-json\/wp\/v2\/media?parent=9172"}],"curies":[{"name":"wp","href":"https:\/\/api.w.org\/{rel}","templated":true}]}}