{"id":4794,"date":"2015-04-27T16:35:25","date_gmt":"2015-04-27T14:35:25","guid":{"rendered":"http:\/\/pags-kuelsheim.de\/wordpress\/?page_id=4794"},"modified":"2024-04-24T13:03:02","modified_gmt":"2024-04-24T11:03:02","slug":"gemeinschaftsschule","status":"publish","type":"page","link":"https:\/\/pags-kuelsheim.de\/pags-new-2024\/allgemeine-schulinfos\/gemeinschaftsschule\/","title":{"rendered":"Gemeinschaftsschule"},"content":{"rendered":"<div id='full_slider_1'  class='avia-fullwidth-slider main_color avia-shadow   avia-builder-el-0  el_before_av_hr  avia-builder-el-first   container_wrap sidebar_right'  ><div  class='avia-slideshow av-pn6ube-4c7adfb0d68ce6cd057987f95cc042c3 avia-slideshow-featured av_slideshow_full avia-slide-slider av-slideshow-ui av-control-default av-slideshow-manual av-loop-once av-loop-manual-endless av-default-height-applied   avia-slideshow-1' data-slideshow-options=\"{&quot;animation&quot;:&quot;slide&quot;,&quot;autoplay&quot;:false,&quot;loop_autoplay&quot;:&quot;once&quot;,&quot;interval&quot;:5,&quot;loop_manual&quot;:&quot;manual-endless&quot;,&quot;autoplay_stopper&quot;:false,&quot;noNavigation&quot;:false,&quot;bg_slider&quot;:false,&quot;keep_padding&quot;:false,&quot;hoverpause&quot;:false,&quot;show_slide_delay&quot;:0}\"  itemprop=\"image\" itemscope=\"itemscope\" itemtype=\"https:\/\/schema.org\/ImageObject\" ><ul class='avia-slideshow-inner ' style='padding-bottom: 28.666666666667%;'><li  class='avia-slideshow-slide av-pn6ube-4c7adfb0d68ce6cd057987f95cc042c3__0  av-single-slide slide-1 slide-odd'><div data-rel='slideshow-1' class='avia-slide-wrap '   ><img decoding=\"async\" fetchpriority=\"high\" class=\"wp-image-9833 avia-img-lazy-loading-not-9833\"  src=\"https:\/\/pags-kuelsheim.de\/pags-new-2024\/wp-content\/uploads\/2024\/04\/PAGS-Mensa-mit-Schulhof-1500x430.jpg\" width=\"1500\" height=\"430\" title='PAGS Mensa und Schulhof' alt='Das PAGS Geb\u00e4ude mit Mensa. Blick vom Schulhof auf das Geb\u00e4ude mit gro\u00dfem Schriftzug [men:nsa]'  itemprop=\"thumbnailUrl\"  style='min-height:320px; min-width:1117px; ' \/><\/div><\/li><\/ul><\/div><\/div><div id='after_full_slider_1'  class='main_color av_default_container_wrap container_wrap sidebar_right'  ><div class='container av-section-cont-open' ><div class='template-page content  av-content-small alpha units'><div class='post-entry post-entry-type-page post-entry-4794'><div class='entry-content-wrapper clearfix'>\n\n<style type=\"text\/css\" data-created_by=\"avia_inline_auto\" id=\"style-css-av-lv7yyncj-7af7174f811ce14ce126043a64671c20\">\n#top .hr.hr-invisible.av-lv7yyncj-7af7174f811ce14ce126043a64671c20{\nheight:20px;\n}\n<\/style>\n<div  id=\"Inhalte\"  class='hr av-lv7yyncj-7af7174f811ce14ce126043a64671c20 hr-invisible  avia-builder-el-1  el_after_av_slideshow_full  el_before_av_one_full  avia-builder-el-first '><span class='hr-inner '><span class=\"hr-inner-style\"><\/span><\/span><\/div>\n<div  class='flex_column av-mirk5m-e58541c2fb076a12d39af0071451df24 av_one_full  avia-builder-el-2  el_after_av_hr  el_before_av_one_half  first flex_column_div  '     ><section  class='av_textblock_section av-lc4x8q-6263ff9853c89d258d158176b17a9319 '   itemscope=\"itemscope\" itemtype=\"https:\/\/schema.org\/CreativeWork\" ><div class='avia_textblock'  itemprop=\"text\" ><h1 style=\"text-align: center;\">Die Gemeinschafts\u00adschule<\/h1>\n<\/div><\/section><\/div>\n<div  class='flex_column av-ig6n0q-6adf84b71c9fb61a041873d11cdfd651 av_one_half  avia-builder-el-4  el_after_av_one_full  el_before_av_one_half  first flex_column_div  column-top-margin'     ><p><section  class='av_textblock_section av-hfxrpm-83af68b5bda8468c18943767ff6847e4 '   itemscope=\"itemscope\" itemtype=\"https:\/\/schema.org\/CreativeWork\" ><div class='avia_textblock'  itemprop=\"text\" ><p>In Baden-W\u00fcrttemberg gibt es seit dem Schuljahr 2012\/13 eine neue Schulart: die Gemeinschaftsschule. Die Gesetzes\u00e4nderung daf\u00fcr wurde am 18. April 2012 im Landtag beschlossen. Eine der 42 \u201eStarterschulen\u201c in Baden-W\u00fcrttemberg ist die Pater-Alois-Grimm-Schule, die schon seit einigen Jahren erprobte Erfahrungen mit individualisiertem Lernen im \u201eHaus des Lernens\u201c hat.<\/p>\n<p>Die Gemeinschaftsschule ist eine leistungsorientierte Schule, die Kinder und Jugendliche mit unterschiedlichen Begabungen f\u00f6rdert. Dazu z\u00e4hlen M\u00e4dchen und Jungen, die sich mit dem Lernen schwer tun, genauso wie solche mit sehr hohem Leistungsverm\u00f6gen. Auch Kinder mit Behinderungen geh\u00f6ren selbstverst\u00e4ndlich dazu. Die Bildungsstandards aller Schularten (HS, RS, GYM) werden angeboten und die Sch\u00fclerinnen und Sch\u00fcler sollen bestm\u00f6glich nach ihren individuellen Voraussetzungen, F\u00e4higkeiten und Interessen gef\u00f6rdert werden. Dazu bietet die Gemeinschaftsschule eine anregende Lernumgebung an, in der voneinander und miteinander zielorientiert gelernt wird und wo selbstverantwortlich geforscht, gearbeitet, gespielt, gelacht und gefeiert werden kann.<\/p>\n<p>An der PAGS werden dieselben Abschlusspr\u00fcfungen wie an den anderen allgemein bildenden Schulen durchgef\u00fchrt. Der Hauptschulabschluss kann nach Klasse 9 oder 10 abgelegt werden und der Realschulabschluss nach Klassenstufe 10. Lernpartner, die in Klasse 10 in allen F\u00e4chern auf dem erweiterten Niveau ihre Leistungsnachweise erbracht haben k\u00f6nnen nach den Regelungen der gymnasialen Versetzungsordnung in die gymnasiale Oberstufe eines Gymnasiums versetzt werden.<\/p>\n<ul>\n<li><a href=\"https:\/\/km-bw.de\/site\/pbs-bw-new\/get\/documents\/KULTUS.Dachmandant\/KULTUS\/KM-Homepage\/Artikelseiten%20KP-KM\/Schularten\/Gemeinschaftsschule\/2019_Pr%C3%A4sentation%20zur%20Gemeinschaftsschule.pdf\">Gemeinschaftsschule &#8230; Eine Schule &#8211; drei Abschl\u00fcsse (PDF)<\/a><\/li>\n<li><a href=\"..\/wp-content\/uploads\/2020\/01\/2021_Die-Gemeinschaftsschule-LERNEN-AUF-DREI-NIVEAUSTUFEN.pdf\">Die Gemeinschaftsschule &#8211; Lernen auf drei Niveaustufen (PDF)<\/a><\/li>\n<\/ul>\n<\/div><\/section><br \/>\n\n<style type=\"text\/css\" data-created_by=\"avia_inline_auto\" id=\"style-css-av-fdudh6-037b9f49046ab4ac87e5f02a5aaadae6\">\n#top .hr.hr-invisible.av-fdudh6-037b9f49046ab4ac87e5f02a5aaadae6{\nheight:30px;\n}\n<\/style>\n<div  class='hr av-fdudh6-037b9f49046ab4ac87e5f02a5aaadae6 hr-invisible  avia-builder-el-6  el_after_av_textblock  el_before_av_gallery '><span class='hr-inner '><span class=\"hr-inner-style\"><\/span><\/span><\/div><br \/>\n\n<style type=\"text\/css\" data-created_by=\"avia_inline_auto\" id=\"style-css-av-e2erpm-45ca632f7b9535d119bab8adb9b354c1\">\n#top .avia-gallery.av-e2erpm-45ca632f7b9535d119bab8adb9b354c1 .avia-gallery-thumb a{\nwidth:14.2857%;\n}\n<\/style>\n<div  class='avia-gallery av-e2erpm-45ca632f7b9535d119bab8adb9b354c1 avia_animate_when_visible  avia-builder-el-7  el_after_av_hr  avia-builder-el-last  avia_lazyload av-slideshow-ui av-loop-manual-endless av-control-hidden av-navigate-arrows av-navigate-dots hover-effect av-control-hidden avia-gallery-animate avia-gallery-1'  itemprop=\"image\" itemscope=\"itemscope\" itemtype=\"https:\/\/schema.org\/ImageObject\" ><meta itemprop=\"contentURL\" content=\"https:\/\/pags-kuelsheim.de\/pags-new-2024\/allgemeine-schulinfos\/gemeinschaftsschule\/\"><a class='avia-gallery-big fakeLightbox lightbox avia-gallery-big-crop-thumb ' href=\"https:\/\/pags-kuelsheim.de\/pags-new-2024\/wp-content\/uploads\/2015\/04\/PAGS-Mensa-01.jpg\" data-srcset=\"https:\/\/pags-kuelsheim.de\/pags-new-2024\/wp-content\/uploads\/2015\/04\/PAGS-Mensa-01.jpg 640w, https:\/\/pags-kuelsheim.de\/pags-new-2024\/wp-content\/uploads\/2015\/04\/PAGS-Mensa-01-320x240.jpg 320w, https:\/\/pags-kuelsheim.de\/pags-new-2024\/wp-content\/uploads\/2015\/04\/PAGS-Mensa-01-450x338.jpg 450w\" data-sizes=\"(max-width: 640px) 100vw, 640px\"  data-onclick='1' title='Miteinander essen in der PAGS Mensa' ><span class='avia-gallery-big-inner'  itemprop=\"thumbnailUrl\" ><img decoding=\"async\" fetchpriority=\"high\" class=\"wp-image-4790 avia-img-lazy-loading-not-4790\"  width=\"495\" height=\"400\" src=\"https:\/\/pags-kuelsheim.de\/pags-new-2024\/wp-content\/uploads\/2015\/04\/PAGS-Mensa-01-495x400.jpg\" title='Miteinander essen in der PAGS Mensa' alt='Miteinander essen der Sch\u00fclerin und Sch\u00fcler in der Mensa.' \/><\/span><\/a><div class='avia-gallery-thumb'><a href=\"https:\/\/pags-kuelsheim.de\/pags-new-2024\/wp-content\/uploads\/2015\/04\/PAGS-Mensa-01.jpg\" data-srcset=\"https:\/\/pags-kuelsheim.de\/pags-new-2024\/wp-content\/uploads\/2015\/04\/PAGS-Mensa-01.jpg 640w, https:\/\/pags-kuelsheim.de\/pags-new-2024\/wp-content\/uploads\/2015\/04\/PAGS-Mensa-01-320x240.jpg 320w, https:\/\/pags-kuelsheim.de\/pags-new-2024\/wp-content\/uploads\/2015\/04\/PAGS-Mensa-01-450x338.jpg 450w\" data-sizes=\"(max-width: 640px) 100vw, 640px\" data-rel='gallery-1' data-prev-img='https:\/\/pags-kuelsheim.de\/pags-new-2024\/wp-content\/uploads\/2015\/04\/PAGS-Mensa-01-495x400.jpg' class='first_thumb lightbox ' data-onclick='1' title='Miteinander essen in der PAGS Mensa'  itemprop=\"thumbnailUrl\"  ><img decoding=\"async\" fetchpriority=\"high\" class=\"wp-image-4790 avia-img-lazy-loading-not-4790\"   src=\"https:\/\/pags-kuelsheim.de\/pags-new-2024\/wp-content\/uploads\/2015\/04\/PAGS-Mensa-01-495x400.jpg\" width=\"495\" height=\"400\"  title='Miteinander essen in der PAGS Mensa' alt='Miteinander essen der Sch\u00fclerin und Sch\u00fcler in der Mensa.' \/><div class='big-prev-fake'><img decoding=\"async\" loading=\"lazy\" class=\"wp-image-4790 avia-img-lazy-loading-4790\"  width=\"495\" height=\"400\" src=\"https:\/\/pags-kuelsheim.de\/pags-new-2024\/wp-content\/uploads\/2015\/04\/PAGS-Mensa-01-495x400.jpg\" title='Miteinander essen in der PAGS Mensa' alt='Miteinander essen der Sch\u00fclerin und Sch\u00fcler in der Mensa.' \/><\/div><\/a><a href=\"https:\/\/pags-kuelsheim.de\/pags-new-2024\/wp-content\/uploads\/2015\/02\/Haus-des-Lernens-03.jpg\" data-srcset=\"https:\/\/pags-kuelsheim.de\/pags-new-2024\/wp-content\/uploads\/2015\/02\/Haus-des-Lernens-03.jpg 640w, https:\/\/pags-kuelsheim.de\/pags-new-2024\/wp-content\/uploads\/2015\/02\/Haus-des-Lernens-03-320x240.jpg 320w, https:\/\/pags-kuelsheim.de\/pags-new-2024\/wp-content\/uploads\/2015\/02\/Haus-des-Lernens-03-450x338.jpg 450w\" data-sizes=\"(max-width: 640px) 100vw, 640px\" data-rel='gallery-1' data-prev-img='https:\/\/pags-kuelsheim.de\/pags-new-2024\/wp-content\/uploads\/2015\/02\/Haus-des-Lernens-03-495x400.jpg' class='lightbox ' data-onclick='2' title='PAGS Lernecke'  itemprop=\"thumbnailUrl\"  ><img decoding=\"async\" fetchpriority=\"high\" class=\"wp-image-4775 avia-img-lazy-loading-not-4775\"   src=\"https:\/\/pags-kuelsheim.de\/pags-new-2024\/wp-content\/uploads\/2015\/02\/Haus-des-Lernens-03-495x400.jpg\" width=\"495\" height=\"400\"  title='PAGS Lernecke' alt='Zwei Sch\u00fcler lernen auf Sitzkissen in der Lernecke.' \/><div class='big-prev-fake'><img decoding=\"async\" loading=\"lazy\" class=\"wp-image-4775 avia-img-lazy-loading-4775\"  width=\"495\" height=\"400\" src=\"https:\/\/pags-kuelsheim.de\/pags-new-2024\/wp-content\/uploads\/2015\/02\/Haus-des-Lernens-03-495x400.jpg\" title='PAGS Lernecke' alt='Zwei Sch\u00fcler lernen auf Sitzkissen in der Lernecke.' \/><\/div><\/a><a href=\"https:\/\/pags-kuelsheim.de\/pags-new-2024\/wp-content\/uploads\/2015\/02\/Haus-des-Lernens-02.jpg\" data-srcset=\"https:\/\/pags-kuelsheim.de\/pags-new-2024\/wp-content\/uploads\/2015\/02\/Haus-des-Lernens-02.jpg 640w, https:\/\/pags-kuelsheim.de\/pags-new-2024\/wp-content\/uploads\/2015\/02\/Haus-des-Lernens-02-320x240.jpg 320w, https:\/\/pags-kuelsheim.de\/pags-new-2024\/wp-content\/uploads\/2015\/02\/Haus-des-Lernens-02-450x338.jpg 450w\" data-sizes=\"(max-width: 640px) 100vw, 640px\" data-rel='gallery-1' data-prev-img='https:\/\/pags-kuelsheim.de\/pags-new-2024\/wp-content\/uploads\/2015\/02\/Haus-des-Lernens-02-495x400.jpg' class='lightbox ' data-onclick='3' title='Freies Lernen'  itemprop=\"thumbnailUrl\"  ><img decoding=\"async\" fetchpriority=\"high\" class=\"wp-image-4774 avia-img-lazy-loading-not-4774\"   src=\"https:\/\/pags-kuelsheim.de\/pags-new-2024\/wp-content\/uploads\/2015\/02\/Haus-des-Lernens-02-495x400.jpg\" width=\"495\" height=\"400\"  title='Freies Lernen' alt='Sch\u00fclerin und Sch\u00fcler lernen auf dem Boden sitzend mit einem CD-Player und ihren Schulb\u00fcchern.' \/><div class='big-prev-fake'><img decoding=\"async\" loading=\"lazy\" class=\"wp-image-4774 avia-img-lazy-loading-4774\"  width=\"495\" height=\"400\" src=\"https:\/\/pags-kuelsheim.de\/pags-new-2024\/wp-content\/uploads\/2015\/02\/Haus-des-Lernens-02-495x400.jpg\" title='Freies Lernen' alt='Sch\u00fclerin und Sch\u00fcler lernen auf dem Boden sitzend mit einem CD-Player und ihren Schulb\u00fcchern.' \/><\/div><\/a><\/div><\/div><\/p><\/div>\n\n<style type=\"text\/css\" data-created_by=\"avia_inline_auto\" id=\"style-css-av-cotkqi-ba767812e10f11b05c7f2312d5ed84c6\">\n.flex_column.av-cotkqi-ba767812e10f11b05c7f2312d5ed84c6{\nborder-radius:0px 0px 0px 0px;\npadding:0px 0px 0px 0px;\n}\n<\/style>\n<div  class='flex_column av-cotkqi-ba767812e10f11b05c7f2312d5ed84c6 av_one_half  avia-builder-el-8  el_after_av_one_half  avia-builder-el-last  flex_column_div av-zero-column-padding  column-top-margin'     ><p>\n<style type=\"text\/css\" data-created_by=\"avia_inline_auto\" id=\"style-css-av-97eefu-ab5e79b6c30b28e129a370318c5921e6\">\n#top .hr.hr-invisible.av-97eefu-ab5e79b6c30b28e129a370318c5921e6{\nheight:30px;\n}\n<\/style>\n<div  class='hr av-97eefu-ab5e79b6c30b28e129a370318c5921e6 hr-invisible  avia-builder-el-9  el_before_av_textblock  avia-builder-el-first '><span class='hr-inner '><span class=\"hr-inner-style\"><\/span><\/span><\/div><br \/>\n<section  class='av_textblock_section av-6v8zsq-7de7a1422545c2168b5cde1cd48b6565 '   itemscope=\"itemscope\" itemtype=\"https:\/\/schema.org\/CreativeWork\" ><div class='avia_textblock'  itemprop=\"text\" ><h3>Ziele der Gemeinschaftsschule<\/h3>\n<ul>\n<li>Durch ein Maximum an individuellem und ein Optimum an gemeinsamem Lernen entwickeln Kinder und Jugendliche Freude am Lernen.<\/li>\n<li>Jedes Kind bekommt die optimale Unterst\u00fctzung und erreicht den bestm\u00f6glichen Schulabschluss. Das gilt auch f\u00fcr Kinder mit Behinderungen.<\/li>\n<li>Menschliche Unterschiede werden im schulischen Alltag als Bereicherung erlebt.<\/li>\n<li>Herkunft und Bildungserfolg werden weitgehend entkoppelt.<\/li>\n<\/ul>\n<\/div><\/section><br \/>\n\n<style type=\"text\/css\" data-created_by=\"avia_inline_auto\" id=\"style-css-av-5dp1xm-724f04bff00c8e5b91a85455d9f745d8\">\n#top .hr.hr-invisible.av-5dp1xm-724f04bff00c8e5b91a85455d9f745d8{\nheight:30px;\n}\n<\/style>\n<div  class='hr av-5dp1xm-724f04bff00c8e5b91a85455d9f745d8 hr-invisible  avia-builder-el-11  el_after_av_textblock  el_before_av_textblock '><span class='hr-inner '><span class=\"hr-inner-style\"><\/span><\/span><\/div><br \/>\n<section  class='av_textblock_section av-40i7xm-84821c649111843efc53ca674b15ad33 '   itemscope=\"itemscope\" itemtype=\"https:\/\/schema.org\/CreativeWork\" ><div class='avia_textblock'  itemprop=\"text\" ><h3>P\u00e4dagogische Konzeption<\/h3>\n<p>Die Schwerpunkte der p\u00e4dagogischen Konzeption sind:<br \/>\nab Klasse 5: Verbesserte Berufswegeplanung<br \/>\nab Klasse 7: Flexible Praktikumsphasen<br \/>\nnach Klasse 9: M\u00f6glichkeit der Hauptschulabschlusspr\u00fcfung<br \/>\nnach Klasse 10: Abschluss mit Hauptschulabschlusspr\u00fcfung oder Mittlerer Reife<br \/>\nin allen Klassen: individuelles Arbeiten und Differenzierung<\/p>\n<p><a href=\"https:\/\/km-bw.de\/site\/pbs-bw-km-root\/get\/documents_E-760889775\/KULTUS.Dachmandant\/KULTUS\/KM-Homepage\/Gemeinschaftsschule%202015\/Abschl%C3%BCsse%20und%20Anschl%C3%BCsse%20an%20der%20GMS.pdf\">Pr\u00e4sentation der Abschl\u00fcsse und Anschl\u00fcsse von Gemeinschaftsschulen (PDF)<\/a><\/p>\n<p>NEU zum Schuljahr 2018\/19: &#8222;Wer den Hauptschulabschluss nach Klasse 9 erworben hat, kann diese Klasse erneut besuchen, um in Klasse 10 den Realschulabschluss zu erwerben oder die Versetzung in die Einf\u00fchrungsphase der gymnasialen Oberstufe nach den Regelungen der gymnasialen Versetzungsordnung anzustreben.&#8220;<\/p>\n<p>Unsere Wahlpflichtf\u00e4cher ab Lerngruppe 7:<br \/>\n&#8211; Franz\u00f6sisch (bereits ab LG 6)<br \/>\n&#8211; Technik<br \/>\n&#8211; AES (Alltagskultur, Ern\u00e4hrung, Soziales)<\/p>\n<p>Unsere Profilf\u00e4cher ab Lerngruppe 8:<br \/>\n&#8211; NwT (Naturwissenschaft und Technik)<br \/>\n&#8211; seit 2019 IMP (Informatik &#8211; Mathematik &#8211; Physik)<br \/>\n&#8211; Bildende Kunst<br \/>\n&#8211; Spanisch (Voraussetzung ist das Wahlpflichtfach Franz\u00f6sisch)<\/p>\n<p><a href=\"https:\/\/km-bw.de\/site\/pbs-bw-new\/get\/documents\/KULTUS.Dachmandant\/KULTUS\/KM-Homepage\/Artikelseiten%20KP-KM\/Schularten\/Gemeinschaftsschule\/2018_Wahlpflicht-%20und%20Profilf%C3%A4cher_end.pdf\">Pr\u00e4sentation der Wahlpflicht- und Profilf\u00e4cher der Gemeinschaftsschule (PDF)<\/a><\/p>\n<p><a href=\"http:\/\/www.km-bw.de\/,Lde\/Startseite\/Schule\/FAQ\" target=\"_blank\" rel=\"noopener\">H\u00e4ufige Fragen und Antworten: FAQs &#8211; Gemeinschaftsschule<\/a><\/p>\n<p><a href=\"http:\/\/www.km-bw.de\/,Lde\/Startseite\/Schule\/Materialien_+Praesentationen_+Videos\">Materialien, Videos und Pr\u00e4sentationen zur Schulart Gemeinschaftsschule<\/a><\/p>\n<p>Weitere Fragen beantworten wir Ihnen gerne per E-mail oder in einem pers\u00f6nlichen Gespr\u00e4ch.<\/p>\n<\/div><\/section><br \/>\n\n<style type=\"text\/css\" data-created_by=\"avia_inline_auto\" id=\"style-css-av-2ayn4q-d41cc21f057144074b92c74319fd02ef\">\n#top .hr.hr-invisible.av-2ayn4q-d41cc21f057144074b92c74319fd02ef{\nheight:30px;\n}\n<\/style>\n<div  class='hr av-2ayn4q-d41cc21f057144074b92c74319fd02ef hr-invisible  avia-builder-el-13  el_after_av_textblock  avia-builder-el-last '><span class='hr-inner '><span class=\"hr-inner-style\"><\/span><\/span><\/div><\/p><\/div>\n","protected":false},"excerpt":{"rendered":"","protected":false},"author":2,"featured_media":0,"parent":4909,"menu_order":4,"comment_status":"closed","ping_status":"closed","template":"","meta":{"ngg_post_thumbnail":0,"footnotes":""},"_links":{"self":[{"href":"https:\/\/pags-kuelsheim.de\/pags-new-2024\/wp-json\/wp\/v2\/pages\/4794"}],"collection":[{"href":"https:\/\/pags-kuelsheim.de\/pags-new-2024\/wp-json\/wp\/v2\/pages"}],"about":[{"href":"https:\/\/pags-kuelsheim.de\/pags-new-2024\/wp-json\/wp\/v2\/types\/page"}],"author":[{"embeddable":true,"href":"https:\/\/pags-kuelsheim.de\/pags-new-2024\/wp-json\/wp\/v2\/users\/2"}],"replies":[{"embeddable":true,"href":"https:\/\/pags-kuelsheim.de\/pags-new-2024\/wp-json\/wp\/v2\/comments?post=4794"}],"version-history":[{"count":16,"href":"https:\/\/pags-kuelsheim.de\/pags-new-2024\/wp-json\/wp\/v2\/pages\/4794\/revisions"}],"predecessor-version":[{"id":10164,"href":"https:\/\/pags-kuelsheim.de\/pags-new-2024\/wp-json\/wp\/v2\/pages\/4794\/revisions\/10164"}],"up":[{"embeddable":true,"href":"https:\/\/pags-kuelsheim.de\/pags-new-2024\/wp-json\/wp\/v2\/pages\/4909"}],"wp:attachment":[{"href":"https:\/\/pags-kuelsheim.de\/pags-new-2024\/wp-json\/wp\/v2\/media?parent=4794"}],"curies":[{"name":"wp","href":"https:\/\/api.w.org\/{rel}","templated":true}]}}